ded by 7?
4
Calculate the remainder when 16984 is divided by 1312.
1240
Calculate the remainder when 162601 is divided by 264.
241
What is the remainder when 33297 is divided by 1185?
117
What is the remainder when 35066 is divided by 35050?
16
What is the remainder when 2096 is divided by 672?
80
What is the remainder when 2796689 is divided by 505?
504
What is the remainder when 9061 is divided by 2204?
245
What is the remainder when 1187876 is divided by 24?
20
What is the remainder when 116476 is divided by 149?
107
What is the remainder when 289462 is divided by 209?
206
Calculate the remainder when 1783 is divided by 317.
198
What is the remainder when 34996 is divided by 144?
4
What is the remainder when 13055 is divided by 195?
185
Calculate the remainder when 188853 is divided by 4.
1
What is the remainder when 3872 is divided by 143?
11
Calculate the remainder when 26569 is divided by 26498.
71
Calculate the remainder when 188410 is divided by 152.
82
What is the remainder when 121795 is divided by 1384?
3
Calculate the remainder when 122199 is divided by 94.
93
What is the remainder when 71202 is divided by 71105?
97
What is the remainder when 5491030 is divided by 34?
30
What is the remainder when 635140 is divided by 1399?
1393
What is the remainder when 29504 is divided by 281?
280
Calculate the remainder when 1252 is divided by 268.
180
Calculate the remainder when 6976 is divided by 174.
16
Calculate the remainder when 9507 is divided by 1580.
27
Calculate the remainder when 35764 is divided by 54.
16
Calculate the remainder when 4856 is divided by 97.
6
What is the remainder when 3255835 is divided by 20?
15
What is the remainder when 17180 is divided by 974?
622
What is the remainder when 88 is divided by 12?
4
What is the remainder when 10089 is divided by 12?
9
Calculate the remainder when 50128 is divided by 61.
47
Calculate the remainder when 7011 is divided by 80.
51
Calculate the remainder when 501836 is divided by 250912.
12
What is the remainder when 2395 is divided by 399?
1
Calculate the remainder when 7391 is divided by 86.
81
What is the remainder when 238669 is divided by 59658?
37
Calculate the remainder when 2749 is divided by 384.
61
What is the remainder when 387 is divided by 71?
32
Calculate the remainder when 35636 is divided by 17784.
68
Calculate the remainder when 4982 is divided by 622.
6
What is the remainder when 5681 is divided by 124?
101
What is the remainder when 201000 is divided by 134?
0
What is the remainder when 9213 is divided by 521?
356
Calculate the remainder when 27188 is divided by 680.
668
Calculate the remainder when 7623 is divided by 3793.
37
What is the remainder when 260360 is divided by 29?
27
Calculate the remainder when 222358 is divided by 255.
253
Calculate the remainder when 609921 is divided by 14.
11
What is the remainder when 23110 is divided by 3851?
4
Calculate the remainder when 342812 is divided by 19.
14
What is the remainder when 2240 is divided by 524?
144
Calculate the remainder when 50691 is divided by 57.
18
What is the remainder when 1092004 is divided by 318?
310
What is the remainder when 54945 is divided by 139?
40
What is the remainder when 2376 is divided by 1013?
350
Calculate the remainder when 1245 is divided by 1229.
16
Calculate the remainder when 4852 is divided by 691.
15
What is the remainder when 27769 is divided by 415?
379
What is the remainder when 11291 is divided by 391?
343
What is the remainder when 1005 is divided by 170?
155
Calculate the remainder when 3088007 is divided by 22.
21
Calculate the remainder when 310902 is divided by 25908.
6
Calculate the remainder when 84408 is divided by 898.
894
What is the remainder when 357606 is divided by 516?
18
What is the remainder when 8832 is divided by 178?
110
What is the remainder when 15709 is divided by 1432?
1389
Calculate the remainder when 5449 is divided by 326.
233
Calculate the remainder when 10185 is divided by 107.
20
What is the remainder when 3856 is divided by 67?
37
What is the remainder when 9044 is divided by 11?
2
What is the remainder when 145945 is divided by 214?
211
Calculate the remainder when 3579 is divided by 657.
294
What is the remainder when 811683 is divided by 120?
3
What is the remainder when 17755 is divided by 4423?
63
What is the remainder when 588 is divided by 289?
10
Calculate the remainder when 27555 is divided by 168.
3
What is the remainder when 1191 is divided by 593?
5
Calculate the remainder when 1535664 is divided by 302.
296
Calculate the remainder when 104327 is divided by 552.
551
What is the remainder when 45781 is divided by 45?
16
What is the remainder when 78791 is divided by 377?
375
Calculate the remainder when 1253 is divided by 475.
303
Calculate the remainder when 60341 is divided by 19.
16
What is the remainder when 15410 is divided by 211?
7
Calculate the remainder when 56731 is divided by 102.
19
Calculate the remainder when 103795 is divided by 44.
43
What is the remainder when 76794 is divided by 198?
168
What is the remainder when 3111 is divided by 527?
476
What is the remainder when 13141 is divided by 455?
401
Calculate the remainder when 798 is divided by 590.
208
What is the remainder when 13248 is divided by 491?
482
What is the remainder when 31716 is divided by 15851?
14
What is the remainder when 127176 is divided by 1259?
17
Calculate the remainder when 4833652 is divided by 60.
52
Calculate the remainder when 27121 is divided by 42.
31
What is the remainder when 90006 is divided by 73?
70
What is the remainder when 327266 is divided by 679?
667
Calculate the remainder when 33351 is divided by 30.
21
Calculate the remainder when 18334 is divided by 611.
4
What is the remainder when 9377 is divided by 1544?
113
Calculate the remainder when 5829 is divided by 1934.
27
What is the remainder when 768825 is divided by 384410?
5
Calculate the remainder when 28108 is divided by 28.
24
What is the remainder when 431857 is divided by 51?
40
Calculate the remainder when 3200455 is divided by 56.
55
Calculate the remainder when 76613 is divided by 45.
23
Calculate the remainder when 456732 is divided by 820.
812
What is the remainder when 6425952 is divided by 5?
2
What is the remainder when 49243 is divided by 4103?
7
Calculate the remainder when 767 is divided by 197.
176
What is the remainder when 3110555 is divided by 22?
19
What is the remainder when 14356 is divided by 97?
0
Calculate the remainder when 427844 is divided by 12.
8
Calculate the remainder when 16070 is divided by 14.
12
Calculate the remainder when 16184 is divided by 15629.
555
Calculate the remainder when 21764 is divided by 1809.
56
What is the remainder when 494 is divided by 261?
233
What is the remainder when 8977 is divided by 143?
111
What is the remainder when 36094 is divided by 7?
2
What is the remainder when 535205 is divided by 41?
32
What is the remainder when 178705 is divided by 86?
83
Calculate the remainder when 2692 is divided by 127.
25
Calculate the remainder when 47634 is divided by 237.
234
Calculate the remainder when 1699 is divided by 93.
25
What is the remainder when 4346 is divided by 862?
36
Calculate the remainder when 16968 is divided by 2113.
64
What is the remainder when 454 is divided by 66?
58
Calculate the remainder when 98475 is divided by 1568.
1259
What is the remainder when 39471 is divided by 1971?
51
What is the remainder when 17065 is divided by 8511?
43
Calculate the remainder when 121292 is divided by 854.
24
Calculate the remainder when 1491639 is divided by 138.
135
Calculate the remainder when 1654 is divided by 52.
42
What is the remainder when 9439 is divided by 1887?
4
Calculate the remainder when 9402 is divided by 175.
127
What is the remainder when 1140 is divided by 54?
6
What is the remainder when 48743 is divided by 231?
2
What is the remainder when 259 is divided by 87?
85
What is the remainder when 41586 is divided by 1218?
174
What is the remainder when 3880 is divided by 68?
4
Calculate the remainder when 83191 is divided by 83091.
100
What is the remainder when 43511 is divided by 42?
41
What is the remainder when 400106 is divided by 797?
12
What is the remainder when 401563 is divided by 50194